{"id":692,"date":"2024-03-22T11:40:36","date_gmt":"2024-03-22T10:40:36","guid":{"rendered":"https:\/\/smartlab.cvtisr.sk\/?page_id=692"},"modified":"2025-06-25T08:04:20","modified_gmt":"2025-06-25T07:04:20","slug":"podujatia","status":"publish","type":"page","link":"https:\/\/smartlab.cvtisr.sk\/index.php\/podujatia\/","title":{"rendered":"Podujatia"},"content":{"rendered":"\n<div class=\"wp-block-qubely-wrapper qubely-block-bd3e8d page_title_gradient\"><div class=\"qubely-block-wrapper-block \">\n<h2 class=\"wp-block-heading has-text-align-center has-palette-color-8-color has-text-color has-link-color wp-elements-cfb725917624f6f5957bc3a800a9e4fe\" id=\"podujatia\" style=\"font-size:clamp(27.894px, 1.743rem + ((1vw - 3.2px) * 1.571), 48px);font-style:normal;font-weight:500\">Podujatia<\/h2>\n\n\n\n<p class=\"has-text-align-center has-palette-color-8-color has-text-color has-link-color wp-elements-53ae6cdae10007d1c0abe7842ef91d48\">Workshopy, kurzy, t\u00e1bory, otvoren\u00e9 dielne a in\u00e9 podujatia v SmartLaboch verejn\u00fdch kni\u017en\u00edc.<\/p>\n<\/div><\/div>\n\n\n\n<p>V SmartLabe sa neust\u00e1le nie\u010do deje! Verejn\u00e9 kni\u017enice po celom Slovensku pravidelne organizuj\u00fa r\u00f4zne verejn\u00e9 podujatia, workshopy a vzdel\u00e1vacie aktivity zameran\u00e9 na STEAM oblasti (veda, technika, in\u017einierstvo, umenie, matematika). Tieto podujatia pon\u00fakaj\u00fa jedine\u010dn\u00fa pr\u00edle\u017eitos\u0165 pre deti, ml\u00e1de\u017e a dospel\u00fdch objavova\u0165 a rozv\u00edja\u0165 svoje zru\u010dnosti, kreativitu a z\u00e1ujem o nov\u00e9 technol\u00f3gie.<\/p>\n\n\n\n<p>Ka\u017ed\u00e1 kni\u017enica si podujatia realizuje samostatne, preto sa programy m\u00f4\u017eu l\u00ed\u0161i\u0165 v z\u00e1vislosti od priestorov\u00fdch a person\u00e1lnych mo\u017enost\u00ed. Pre konkr\u00e9tne inform\u00e1cie o aktu\u00e1lnych verejn\u00fdch podujatiach a mo\u017enostiach \u00fa\u010dasti, kontaktujte kni\u017enicu vo va\u0161om okol\u00ed.<\/p>\n\n\n\n<div class=\"wp-block-qubely-row qubely-section qubely-block-6642f5\"><div class=\"qubely-row-overlay\"><\/div><div class=\"qubely-container\"><div class=\"qubely-row \">\n<div class=\"wp-block-qubely-column qubely-column qubely-column-front qubely-block-bb0e41\"><div class=\"qubely-column-inner\">\n<div class=\"wp-block-eventon-blocks-evo-eventon-main wp-block-eventon-lite\" style=\"background-color:transparent;color:#808080;padding:20px;border-radius:5px\"><!-- EventON Calendar --><div id='evcal_calendar_128' class='ajde_evcal_calendar boxy color tbg1 boxstyle3 box_3 etttc_custom ajax_loading_cal' ><div id='evcal_head' class='calendar_header ' ><div class='evo_cal_above'><span class='evo-gototoday-btn evo_hide' style='display:none;' data-mo='4' data-yr='2026' data-dy=''>Aktu\u00e1lny mesiac<\/span><span class='evo-filter-btn show'><em><\/em><\/span><span class='evo-sort-btn'><div class='eventon_sort_line' style='display:none'><p data-val='sort_date' data-type='date' class='evs_btn evo_sort_option evs_hide select' >D\u00e1tum<\/p><\/div><\/span><\/div><div class='evo_cal_above_content'><\/div><div class='evo_header_title '><p id='evcal_cur' class='evo_month_title'> apr\u00edl, 2026<\/p><p class='evo_arrows'>\n\t\t\t\t\t<span id='evcal_prev' class='evcal_arrows evcal_btn_prev evodfx evofx_jc_c evofx_ai_c'><i class='fa fa-chevron-left'><\/i><\/span>\n\t\t\t\t\t<span id='evcal_next' class='evcal_arrows evo_arrow_next evcal_btn_next evodfx evofx_jc_c evofx_ai_c'><i class='fa fa-chevron-right'><\/i><\/span>\n\t\t\t\t\t<\/p><\/div><\/div><div class='eventon_sorting_section' style='display:block'><div class='eventon_filter_line '><div class='eventon_filter evo_sortOpt evo_sortList_event_location' data-filter_field='event_location' data-filter_val='all' data-filter_type='tax' data-fl_o='IN ' data-fldef='all'>\n\t\t\t\t\t\t\t\t\t<p class='filtering_set_val'>Vyberte svoj kraj<em class='fa fa-check'><\/em><\/p>\n\t\t\t\t\t\t\t\t\t<div class='eventon_filter_dropdown' style='display:none'><p class='evo_filter_val select all' data-filter_val='all'>V\u0161etky<\/p><p class='evo_filter_val select event_location_106 banskobystricky-kraj ' data-filter_val='106' data-filter_slug='banskobystricky-kraj'>Banskobystrick\u00fd kraj<\/p><p class='evo_filter_val select event_location_22 bratislavsky-kraj ' data-filter_val='22' data-filter_slug='bratislavsky-kraj'>Bratislavsk\u00fd kraj<\/p><p class='evo_filter_val select event_location_109 kosicky-kraj ' data-filter_val='109' data-filter_slug='kosicky-kraj'>Ko\u0161ick\u00fd kraj<\/p><p class='evo_filter_val select event_location_107 nitriansky-kraj ' data-filter_val='107' data-filter_slug='nitriansky-kraj'>Nitriansky kraj<\/p><p class='evo_filter_val select event_location_108 presovsky-kraj ' data-filter_val='108' data-filter_slug='presovsky-kraj'>Pre\u0161ovsk\u00fd kraj<\/p><p class='evo_filter_val select event_location_24 trenciansky-kraj ' data-filter_val='24' data-filter_slug='trenciansky-kraj'>Tren\u010diansky kraj<\/p><p class='evo_filter_val select event_location_105 trnavsky-kraj ' data-filter_val='105' data-filter_slug='trnavsky-kraj'>Trnavsk\u00fd kraj<\/p><p class='evo_filter_val select event_location_23 zilinsky-kraj ' data-filter_val='23' data-filter_slug='zilinsky-kraj'>\u017dilinsk\u00fd kraj<\/p><\/div>\t\n\t\t\t\t\t\t\t<\/div><\/div><div class='clear'><\/div><\/div><div id='eventon_loadbar_section'><div id='eventon_loadbar'><\/div><\/div><div class='evo_ajax_load_events'><span><\/span><span><\/span><span><\/span><\/div><!-- Events List --><div id='evcal_list' \n\t\t\t\t\tclass='eventon_events_list '>\t\t\t<div class='clear'><\/div>\n\t\t\t<\/div>\n\t\t\t<div class='clear'><\/div>\n\t\t\t\n\t\t\t\t\t \t<div id='evcal_footer' class='evo_bottom' style='display:none'>\n\t\t \t\t<div class='evo_cal_data' data-sc='{&quot;accord&quot;:&quot;no&quot;,&quot;bottom_nav&quot;:&quot;no&quot;,&quot;cal_id&quot;:&quot;&quot;,&quot;cal_init_nonajax&quot;:&quot;no&quot;,&quot;calendar_type&quot;:&quot;default&quot;,&quot;ep_fields&quot;:&quot;&quot;,&quot;etc_override&quot;:&quot;no&quot;,&quot;evc_open&quot;:&quot;no&quot;,&quot;event_count&quot;:0,&quot;event_location&quot;:&quot;all&quot;,&quot;event_order&quot;:&quot;ASC&quot;,&quot;event_organizer&quot;:&quot;all&quot;,&quot;event_parts&quot;:&quot;no&quot;,&quot;event_past_future&quot;:&quot;all&quot;,&quot;event_status&quot;:&quot;all&quot;,&quot;event_tag&quot;:&quot;all&quot;,&quot;event_type&quot;:&quot;all&quot;,&quot;event_type_2&quot;:&quot;all&quot;,&quot;event_virtual&quot;:&quot;all&quot;,&quot;eventtop_date_style&quot;:0,&quot;eventtop_style&quot;:&quot;4&quot;,&quot;exp_jumper&quot;:&quot;no&quot;,&quot;exp_so&quot;:&quot;yes&quot;,&quot;filter_relationship&quot;:&quot;AND&quot;,&quot;filter_show_set_only&quot;:&quot;no&quot;,&quot;filter_type&quot;:&quot;default&quot;,&quot;filters&quot;:&quot;yes&quot;,&quot;fixed_month&quot;:&quot;4&quot;,&quot;fixed_year&quot;:&quot;2026&quot;,&quot;focus_end_date_range&quot;:&quot;1777586399&quot;,&quot;focus_start_date_range&quot;:&quot;1774994400&quot;,&quot;ft_event_priority&quot;:&quot;no&quot;,&quot;hide_arrows&quot;:&quot;no&quot;,&quot;hide_cancels&quot;:&quot;no&quot;,&quot;hide_empty_months&quot;:&quot;no&quot;,&quot;hide_end_time&quot;:&quot;no&quot;,&quot;hide_et_dn&quot;:&quot;no&quot;,&quot;hide_et_extra&quot;:&quot;no&quot;,&quot;hide_et_tags&quot;:&quot;no&quot;,&quot;hide_et_tl&quot;:&quot;no&quot;,&quot;hide_ft&quot;:&quot;no&quot;,&quot;hide_ft_img&quot;:&quot;no&quot;,&quot;hide_month_headers&quot;:&quot;no&quot;,&quot;hide_mult_occur&quot;:&quot;no&quot;,&quot;hide_past&quot;:&quot;no&quot;,&quot;hide_past_by&quot;:&quot;ee&quot;,&quot;hide_so&quot;:&quot;no&quot;,&quot;ics&quot;:&quot;no&quot;,&quot;jumper&quot;:&quot;no&quot;,&quot;jumper_count&quot;:5,&quot;jumper_offset&quot;:&quot;0&quot;,&quot;lang&quot;:&quot;L1&quot;,&quot;layout_changer&quot;:&quot;no&quot;,&quot;livenow_bar&quot;:&quot;yes&quot;,&quot;mapformat&quot;:&quot;roadmap&quot;,&quot;mapiconurl&quot;:&quot;&quot;,&quot;maps_load&quot;:&quot;yes&quot;,&quot;mapscroll&quot;:&quot;true&quot;,&quot;mapzoom&quot;:&quot;18&quot;,&quot;members_only&quot;:&quot;no&quot;,&quot;ml_priority&quot;:&quot;no&quot;,&quot;month_incre&quot;:0,&quot;number_of_months&quot;:&quot;1&quot;,&quot;only_ft&quot;:&quot;no&quot;,&quot;pec&quot;:&quot;&quot;,&quot;s&quot;:&quot;&quot;,&quot;search&quot;:&quot;no&quot;,&quot;search_all&quot;:&quot;no&quot;,&quot;sep_month&quot;:&quot;no&quot;,&quot;show_et_ft_img&quot;:&quot;yes&quot;,&quot;show_limit&quot;:&quot;no&quot;,&quot;show_limit_ajax&quot;:&quot;no&quot;,&quot;show_limit_paged&quot;:1,&quot;show_limit_redir&quot;:&quot;&quot;,&quot;show_repeats&quot;:&quot;no&quot;,&quot;show_upcoming&quot;:0,&quot;show_year&quot;:&quot;no&quot;,&quot;social_share&quot;:&quot;no&quot;,&quot;sort_by&quot;:&quot;sort_date&quot;,&quot;tile_bg&quot;:&quot;1&quot;,&quot;tile_bg_size&quot;:&quot;full&quot;,&quot;tile_count&quot;:&quot;3&quot;,&quot;tile_height&quot;:0,&quot;tile_style&quot;:&quot;3&quot;,&quot;tiles&quot;:&quot;yes&quot;,&quot;ux_val&quot;:&quot;0&quot;,&quot;wpml_l1&quot;:&quot;&quot;,&quot;wpml_l2&quot;:&quot;&quot;,&quot;wpml_l3&quot;:&quot;&quot;,&quot;yl_priority&quot;:&quot;no&quot;,&quot;fixed_day&quot;:&quot;20&quot;,&quot;_cver&quot;:&quot;2.5.3&quot;}'data-od='{&quot;lang_no_events&quot;:&quot;\\u017diadne podujatia&quot;,&quot;cal_tz_offset&quot;:120,&quot;cal_tz&quot;:&quot;Europe\\\/Bratislava&quot;}'><\/div>\n\t\t \t\t<div class='evo_cal_events' data-events=\"\"><\/div>\n\t\t \t<\/div>\n\t\t\t\t\n\t\t\t\n\t\t\t\n\t\t\t\t\t\t<\/div><!-- EventON End -->\n\t\t\t<\/div>\n<\/div><\/div>\n<\/div><\/div><\/div>\n","protected":false},"excerpt":{"rendered":"<p>V SmartLabe sa neust\u00e1le nie\u010do deje! Verejn\u00e9 kni\u017enice po celom Slovensku pravidelne organizuj\u00fa r\u00f4zne verejn\u00e9 podujatia, workshopy a vzdel\u00e1vacie aktivity zameran\u00e9 na STEAM oblasti (veda, technika, in\u017einierstvo, umenie, matematika). Tieto podujatia pon\u00fakaj\u00fa jedine\u010dn\u00fa pr\u00edle\u017eitos\u0165 pre deti, ml\u00e1de\u017e a dospel\u00fdch objavova\u0165 a rozv\u00edja\u0165 svoje zru\u010dnosti, kreativitu a z\u00e1ujem o nov\u00e9 technol\u00f3gie. Ka\u017ed\u00e1 kni\u017enica si podujatia realizuje [&hellip;]<\/p>\n","protected":false},"author":2,"featured_media":0,"parent":0,"menu_order":0,"comment_status":"closed","ping_status":"closed","template":"","meta":{"qubely_global_settings":"","qubely_interactions":"","_gspb_post_css":"","footnotes":""},"class_list":["post-692","page","type-page","status-publish","hentry"],"blocksy_meta":[],"yoast_head":"<!-- This site is optimized with the Yoast SEO plugin v27.4 - https:\/\/yoast.com\/product\/yoast-seo-wordpress\/ -->\n<title>Podujatia - SmartLab<\/title>\n<meta name=\"robots\" content=\"index, follow, max-snippet:-1, max-image-preview:large, max-video-preview:-1\" \/>\n<link rel=\"canonical\" href=\"https:\/\/smartlab.cvtisr.sk\/index.php\/podujatia\/\" \/>\n<meta property=\"og:locale\" content=\"sk_SK\" \/>\n<meta property=\"og:type\" content=\"article\" \/>\n<meta property=\"og:title\" content=\"Podujatia - SmartLab\" \/>\n<meta property=\"og:description\" content=\"V SmartLabe sa neust\u00e1le nie\u010do deje! Verejn\u00e9 kni\u017enice po celom Slovensku pravidelne organizuj\u00fa r\u00f4zne verejn\u00e9 podujatia, workshopy a vzdel\u00e1vacie aktivity zameran\u00e9 na STEAM oblasti (veda, technika, in\u017einierstvo, umenie, matematika). Tieto podujatia pon\u00fakaj\u00fa jedine\u010dn\u00fa pr\u00edle\u017eitos\u0165 pre deti, ml\u00e1de\u017e a dospel\u00fdch objavova\u0165 a rozv\u00edja\u0165 svoje zru\u010dnosti, kreativitu a z\u00e1ujem o nov\u00e9 technol\u00f3gie. Ka\u017ed\u00e1 kni\u017enica si podujatia realizuje [&hellip;]\" \/>\n<meta property=\"og:url\" content=\"https:\/\/smartlab.cvtisr.sk\/index.php\/podujatia\/\" \/>\n<meta property=\"og:site_name\" content=\"SmartLab\" \/>\n<meta property=\"article:modified_time\" content=\"2025-06-25T07:04:20+00:00\" \/>\n<meta name=\"twitter:card\" content=\"summary_large_image\" \/>\n<meta name=\"twitter:label1\" content=\"Predpokladan\u00fd \u010das \u010d\u00edtania\" \/>\n\t<meta name=\"twitter:data1\" content=\"1 min\u00fata\" \/>\n<script type=\"application\/ld+json\" class=\"yoast-schema-graph\">{\"@context\":\"https:\\\/\\\/schema.org\",\"@graph\":[{\"@type\":\"WebPage\",\"@id\":\"https:\\\/\\\/smartlab.cvtisr.sk\\\/index.php\\\/podujatia\\\/\",\"url\":\"https:\\\/\\\/smartlab.cvtisr.sk\\\/index.php\\\/podujatia\\\/\",\"name\":\"Podujatia - SmartLab\",\"isPartOf\":{\"@id\":\"https:\\\/\\\/smartlab.cvtisr.sk\\\/#website\"},\"datePublished\":\"2024-03-22T10:40:36+00:00\",\"dateModified\":\"2025-06-25T07:04:20+00:00\",\"breadcrumb\":{\"@id\":\"https:\\\/\\\/smartlab.cvtisr.sk\\\/index.php\\\/podujatia\\\/#breadcrumb\"},\"inLanguage\":\"sk-SK\",\"potentialAction\":[{\"@type\":\"ReadAction\",\"target\":[\"https:\\\/\\\/smartlab.cvtisr.sk\\\/index.php\\\/podujatia\\\/\"]}]},{\"@type\":\"BreadcrumbList\",\"@id\":\"https:\\\/\\\/smartlab.cvtisr.sk\\\/index.php\\\/podujatia\\\/#breadcrumb\",\"itemListElement\":[{\"@type\":\"ListItem\",\"position\":1,\"name\":\"Home\",\"item\":\"https:\\\/\\\/smartlab.cvtisr.sk\\\/\"},{\"@type\":\"ListItem\",\"position\":2,\"name\":\"Podujatia\"}]},{\"@type\":\"WebSite\",\"@id\":\"https:\\\/\\\/smartlab.cvtisr.sk\\\/#website\",\"url\":\"https:\\\/\\\/smartlab.cvtisr.sk\\\/\",\"name\":\"SmartLab\",\"description\":\"\",\"publisher\":{\"@id\":\"https:\\\/\\\/smartlab.cvtisr.sk\\\/#organization\"},\"potentialAction\":[{\"@type\":\"SearchAction\",\"target\":{\"@type\":\"EntryPoint\",\"urlTemplate\":\"https:\\\/\\\/smartlab.cvtisr.sk\\\/?s={search_term_string}\"},\"query-input\":{\"@type\":\"PropertyValueSpecification\",\"valueRequired\":true,\"valueName\":\"search_term_string\"}}],\"inLanguage\":\"sk-SK\"},{\"@type\":\"Organization\",\"@id\":\"https:\\\/\\\/smartlab.cvtisr.sk\\\/#organization\",\"name\":\"SmartLab\",\"url\":\"https:\\\/\\\/smartlab.cvtisr.sk\\\/\",\"logo\":{\"@type\":\"ImageObject\",\"inLanguage\":\"sk-SK\",\"@id\":\"https:\\\/\\\/smartlab.cvtisr.sk\\\/#\\\/schema\\\/logo\\\/image\\\/\",\"url\":\"https:\\\/\\\/smartlab.cvtisr.sk\\\/wp-content\\\/uploads\\\/2025\\\/01\\\/smartlab_logo_tag.png\",\"contentUrl\":\"https:\\\/\\\/smartlab.cvtisr.sk\\\/wp-content\\\/uploads\\\/2025\\\/01\\\/smartlab_logo_tag.png\",\"width\":434,\"height\":115,\"caption\":\"SmartLab\"},\"image\":{\"@id\":\"https:\\\/\\\/smartlab.cvtisr.sk\\\/#\\\/schema\\\/logo\\\/image\\\/\"}}]}<\/script>\n<!-- \/ Yoast SEO plugin. -->","yoast_head_json":{"title":"Podujatia - SmartLab","robots":{"index":"index","follow":"follow","max-snippet":"max-snippet:-1","max-image-preview":"max-image-preview:large","max-video-preview":"max-video-preview:-1"},"canonical":"https:\/\/smartlab.cvtisr.sk\/index.php\/podujatia\/","og_locale":"sk_SK","og_type":"article","og_title":"Podujatia - SmartLab","og_description":"V SmartLabe sa neust\u00e1le nie\u010do deje! Verejn\u00e9 kni\u017enice po celom Slovensku pravidelne organizuj\u00fa r\u00f4zne verejn\u00e9 podujatia, workshopy a vzdel\u00e1vacie aktivity zameran\u00e9 na STEAM oblasti (veda, technika, in\u017einierstvo, umenie, matematika). Tieto podujatia pon\u00fakaj\u00fa jedine\u010dn\u00fa pr\u00edle\u017eitos\u0165 pre deti, ml\u00e1de\u017e a dospel\u00fdch objavova\u0165 a rozv\u00edja\u0165 svoje zru\u010dnosti, kreativitu a z\u00e1ujem o nov\u00e9 technol\u00f3gie. Ka\u017ed\u00e1 kni\u017enica si podujatia realizuje [&hellip;]","og_url":"https:\/\/smartlab.cvtisr.sk\/index.php\/podujatia\/","og_site_name":"SmartLab","article_modified_time":"2025-06-25T07:04:20+00:00","twitter_card":"summary_large_image","twitter_misc":{"Predpokladan\u00fd \u010das \u010d\u00edtania":"1 min\u00fata"},"schema":{"@context":"https:\/\/schema.org","@graph":[{"@type":"WebPage","@id":"https:\/\/smartlab.cvtisr.sk\/index.php\/podujatia\/","url":"https:\/\/smartlab.cvtisr.sk\/index.php\/podujatia\/","name":"Podujatia - SmartLab","isPartOf":{"@id":"https:\/\/smartlab.cvtisr.sk\/#website"},"datePublished":"2024-03-22T10:40:36+00:00","dateModified":"2025-06-25T07:04:20+00:00","breadcrumb":{"@id":"https:\/\/smartlab.cvtisr.sk\/index.php\/podujatia\/#breadcrumb"},"inLanguage":"sk-SK","potentialAction":[{"@type":"ReadAction","target":["https:\/\/smartlab.cvtisr.sk\/index.php\/podujatia\/"]}]},{"@type":"BreadcrumbList","@id":"https:\/\/smartlab.cvtisr.sk\/index.php\/podujatia\/#breadcrumb","itemListElement":[{"@type":"ListItem","position":1,"name":"Home","item":"https:\/\/smartlab.cvtisr.sk\/"},{"@type":"ListItem","position":2,"name":"Podujatia"}]},{"@type":"WebSite","@id":"https:\/\/smartlab.cvtisr.sk\/#website","url":"https:\/\/smartlab.cvtisr.sk\/","name":"SmartLab","description":"","publisher":{"@id":"https:\/\/smartlab.cvtisr.sk\/#organization"},"potentialAction":[{"@type":"SearchAction","target":{"@type":"EntryPoint","urlTemplate":"https:\/\/smartlab.cvtisr.sk\/?s={search_term_string}"},"query-input":{"@type":"PropertyValueSpecification","valueRequired":true,"valueName":"search_term_string"}}],"inLanguage":"sk-SK"},{"@type":"Organization","@id":"https:\/\/smartlab.cvtisr.sk\/#organization","name":"SmartLab","url":"https:\/\/smartlab.cvtisr.sk\/","logo":{"@type":"ImageObject","inLanguage":"sk-SK","@id":"https:\/\/smartlab.cvtisr.sk\/#\/schema\/logo\/image\/","url":"https:\/\/smartlab.cvtisr.sk\/wp-content\/uploads\/2025\/01\/smartlab_logo_tag.png","contentUrl":"https:\/\/smartlab.cvtisr.sk\/wp-content\/uploads\/2025\/01\/smartlab_logo_tag.png","width":434,"height":115,"caption":"SmartLab"},"image":{"@id":"https:\/\/smartlab.cvtisr.sk\/#\/schema\/logo\/image\/"}}]}},"_links":{"self":[{"href":"https:\/\/smartlab.cvtisr.sk\/index.php\/wp-json\/wp\/v2\/pages\/692","targetHints":{"allow":["GET"]}}],"collection":[{"href":"https:\/\/smartlab.cvtisr.sk\/index.php\/wp-json\/wp\/v2\/pages"}],"about":[{"href":"https:\/\/smartlab.cvtisr.sk\/index.php\/wp-json\/wp\/v2\/types\/page"}],"author":[{"embeddable":true,"href":"https:\/\/smartlab.cvtisr.sk\/index.php\/wp-json\/wp\/v2\/users\/2"}],"replies":[{"embeddable":true,"href":"https:\/\/smartlab.cvtisr.sk\/index.php\/wp-json\/wp\/v2\/comments?post=692"}],"version-history":[{"count":37,"href":"https:\/\/smartlab.cvtisr.sk\/index.php\/wp-json\/wp\/v2\/pages\/692\/revisions"}],"predecessor-version":[{"id":5245,"href":"https:\/\/smartlab.cvtisr.sk\/index.php\/wp-json\/wp\/v2\/pages\/692\/revisions\/5245"}],"wp:attachment":[{"href":"https:\/\/smartlab.cvtisr.sk\/index.php\/wp-json\/wp\/v2\/media?parent=692"}],"curies":[{"name":"wp","href":"https:\/\/api.w.org\/{rel}","templated":true}]}}